-d = -21 - 17. Suppose 0 = -c - 5*j + 187, -21*j = -18*j - 9. Suppose 3*x = c + d. What is the greatest common factor of 10 and x?
10
Let h be (-248 - -237) + 3*129. Calculate the greatest common divisor of h and 235.
47
Let t(s) = s + 9. Let z be t(9). Suppose 2*m - 2*f = 12, 18*f - 14 = -3*m + 17*f. Suppose -m*l + 630 = -0*l. What is the highest common factor of z and l?
18
Let k be -4 + (-2 - -5) + 80. Suppose 0 = -8*a + 273 + k. Suppose 11*j = 97 + 24. What is the greatest common divisor of a and j?
11
Suppose -23*b + 19*b = -140. Suppose -3511 - 899 = -b*v. Calculate the highest common divisor of v and 54.
18
Let s be (4 - (-1128)/(-108))/((-5)/90). Suppose d - 4*b = 161, 0*d - 2*d + 294 = -b. Calculate the greatest common divisor of d and s.
29
Suppose 33*d = 28*d + m + 1109, -2*m = -2. What is the greatest common factor of d and 2405?
37
Suppose 0 = c - 4*o - 2715, 3*c + 2*c = 7*o + 13653. Calculate the highest common divisor of 22 and c.
11
Let b = -486 + 506. Suppose 5*k + 579 = 5*i - 131, i - 146 = 3*k. Calculate the highest common factor of i and b.
20
Let y = -4546 + 5059. Calculate the greatest common divisor of 5985 and y.
171
Suppose 0 = 3*k - s - 727, 3*s + 17 = k - 236. Suppose k - 27 = 3*g + 2*w, 257 = 4*g - 3*w. Let z = g - 36. What is the greatest common factor of z and 224?
32
Suppose 34 = -6*h + 28. Let d be (h/8)/(-1) - 988/(-32). Calculate the greatest common factor of 124 and d.
31
Let w = 330 + 120. Let k be (-70)/63*(-4 - 7) + (-8)/36. What is the greatest common divisor of w and k?
6
Suppose -623 = -5*b + 2*u + 1024, -1701 = -5*b - 4*u. Calculate the greatest common divisor of b and 1044.
9
Let u(s) = 99*s - 1210. Let v be u(13). What is the greatest common factor of v and 14707?
77
Suppose 5*v - 42*v - 27526 + 131348 = 0. Calculate the greatest common factor of 69 and v.
23
Let l(v) = 2*v**2 - 11*v - 247. Let y be l(-9). Calculate the highest common factor of y and 1204.
14
Suppose 9*n - 28 + 19 = 0. Let m be (-63 - -36)/(0 - n). What is the highest common factor of m and 126?
9
Suppose 2567 = 41*l - 38*l - 4*q, l = -q + 872. What is the greatest common factor of l and 5?
5
Let v be (-1)/3 + (-218428)/(-84). What is the greatest common divisor of v and 52?
52
Let q = 6 + -4. Suppose q*v - 5*d = 8, -d = -5*v + 84 - 18. Let m(x) = 834*x + 5144. Let b be m(-6). What is the greatest common divisor of v and b?
14
Let v = 16 + 3. Let k be (-4 + -1 + v)/(-2). Let s(x) = -17*x + 16. Let l be s(k). What is the highest common divisor of l and 54?
27
Let n be ((-1236600)/(-10))/20*2. Calculate the highest common factor of n and 229.
229
Let t = 76 - 44. Let n = 24 - 46. Let v = n + t. What is the highest common divisor of v and 10?
10
Suppose 27*x - 396 = 18*x. What is the greatest common factor of 429 and x?
11
Suppose -n = 5*a - 4098, 395 = -5*a - 3*n + 4499. Calculate the greatest common divisor of 1287 and a.
117
Suppose -2*j + 195 = q, -4*j + 627 = 5*q + 240. Let x be (28/j - (-3)/14)*40. What is the greatest common divisor of 500 and x?
20
Let b = -9907 - -24587. What is the highest common divisor of 20 and b?
20
Suppose 0 = 5*l - 17 - 93. Let s be ((-48)/10)/(-8) + 6/(-10). Suppose s = 21*n - 22*n + 22. What is the highest common divisor of l and n?
22
Let s = 10 + -7. Let c(d) = -d**3 + 5*d**2 - 6*d + 4. Let k be c(s). Let r be (k/3)/(62/12 + -5). What is the greatest common divisor of 16 and r?
8
Suppose -5*o + 540 = 5*p - 8035, 1740 = p - 4*o. Calculate the highest common divisor of p and 60.
20
Let l be ((-1)/(-2))/((-2)/(-308)). Let i(k) = -k**3 - 27*k**2 - k - 20. Let h = -171 + 144. Let o be i(h). Calculate the greatest common divisor of o and l.
7
Suppose 3*z + 2*a = 122, -4*z + 3*a + 134 + 23 = 0. What is the highest common factor of 1580 and z?
20
Let a(j) = 5*j**2 - 505*j - 2036. Let o be a(-4). What is the greatest common divisor of 18784 and o?
32
Let g = -1 - 0. Let y be 1 + 0 + g + 126. Let p = -13169 - -13253. Calculate the highest common factor of y and p.
42
Let v be (1*34)/((-4)/(-8)). Suppose -2040 = 69*u - 81*u. Calculate the greatest common divisor of v and u.
34
Suppose -3566 = -3*h + 4*x + 10380, -4*h + 18601 = x. Calculate the highest common divisor of 372 and h.
186
Suppose 4*a + m - 352 = 0, -4*a - 3*m + 352 = 2*m. Let d be (-1)/(((-2)/(-76))/(-1)). Suppose -9*c + 61 = -d. Calculate the highest common factor of a and c.
11
Let c be -4 + (1 - -1)*2. Let z(r) = r + 111. Let m be z(c). Suppose -4*t + 308 = 4*n - t, n - t - 70 = 0. What is the greatest common factor of m and n?
37
Let y(h) = h**2 - 19*h + 15. Let n be (14/5)/(13/((-130)/(-4))). Suppose -25 = -n*s + 108. Let r be y(s). Calculate the highest common divisor of r and 195.
15
Let h = -368 + 383. Suppose -h*z - 429 + 2454 = 0. What is the highest common factor of z and 30?
15
Let n = -6361 - -6653. What is the highest common divisor of n and 4526?
146
Let s be ((-21)/21)/(1/(-10)). Let w(c) = c**2 - 5*c - 12. Let r be w(s). What is the greatest common factor of 76 and r?
38
Suppose 4015 + 26765 = 57*x. Calculate the highest common factor of 12 and x.
12
Let q = 3 + 2. Let c be 6/(-15) + 77/q. Let s(x) = -4*x**3 + 228*x**2 + x + 48. Let z be s(57). What is the greatest common factor of z and c?
15
Suppose 29*z - 25*z = 100. Suppose 0 = 18*u - 11 - z. Let g be u/6 + 6292/78. What is the greatest common divisor of 9 and g?
9
Suppose -21 = -61*d + 60*d. Suppose -1328 = -d*t + 4951. Calculate the highest common divisor of t and 23.
23
Let o be -5 + 105/9*24/5. Suppose 2*x + 5*k = 151, -k = 2*x - 35 - 104. What is the greatest common factor of o and x?
17
Let s = -787 + 624. Let y = s - -175. What is the highest common divisor of y and 15?
3
Suppose 0*k + 238 = 17*k. Let z(j) = 326*j - 88. Let n be z(k). Let c be n/14 - 4/(-14). What is the greatest common divisor of 64 and c?
64
Let q be 70*((-12)/(-4) + (-14)/4). Let r = q + 41. Let n be r/(-4)*(4 - (-400)/(-12)). Calculate the highest common factor of n and 33.
11
Suppose 0 = -5*y - 4*x + 1046, 19*y - 3*x - 633 = 16*y. Let g = -126 + y. Calculate the highest common factor of 7 and g.
7
Let c(j) = 2*j**3 - j**2 - 24*j + 15. Let f be c(0). Calculate the highest common divisor of f and 6750.
15
Suppose 40*g - 5*u = 39*g + 299, u = -3*g + 977. Calculate the greatest common factor of g and 66.
6
Let m = -762 - -360. Let w = -178 - m. Suppose 0 = -10*u + 6*u + 128. Calculate the highest common factor of w and u.
32
Let t(v) = -11*v**2 - 4*v**2 + 10*v + 18*v**2 + 107. Let q be t(-7). What is the greatest common divisor of q and 322?
46
Let c(u) = -u**3 - 20*u**2 - 110*u + 71. Let a be c(-11). Calculate the greatest common divisor of a and 180.
12
Suppose -91*n = -3367 - 4004. Calculate the greatest common factor of n and 3456.
27
Let x = -29821 - -39331. Calculate the highest common factor of 5 and x.
5
Let q be 0 + -2 - 3 - (-21 + -6). Suppose -q*p = -4*p - 216. What is the greatest common factor of p and 18?
6
Let m = 746 + -426. Let j be (-2)/11 - m/176. Let s be (-18 + -16)/(j/1). What is the greatest common divisor of 136 and s?
17
Suppose 4*u + 52 = g, 60 = 13*g - 3*u - 224. What is the greatest common divisor of g and 5260?
20
Suppose 28556 = -17*n + 39*n. Calculate the highest common divisor of 118 and n.
118
Let k be 965 + 63/9 + 12. Calculate the highest common factor of k and 72.
24
Suppose -83*s = s - 42543 - 11637. Calculate the greatest common divisor of 405 and s.
15
Suppose -5*o = 2*l - 74, -19 = -51*o + 50*o - l. Let k(x) = 205*x - 1. Let h be k(1). Calculate the highest common factor of h and o.
12
Let i = 100694 + -100663. Suppose 0 = 3*a - 5 - 1417. Let c = a - 133. What is the greatest common factor of i and c?
31
Let d(x) = x**3 + 6*x**2 + 5*x - 2. Let l be d(-4). Let k = 24 - 18. Suppose k = 2*y, 0 = -5*q - 2*y + 57 + 74. Calculate the highest common factor of q and l.
5
Let m = -1151 + 1163. What is the greatest common factor of m and 48?
12
Let p(v) = 2*v**2 + 19*v - 37. Let r(o) = -4*o**2 - 37*o + 73. Let c(i) = -11*p(i) - 6*r(i). Let q be c(-10). What is the greatest common divisor of q and 52?
13
Let c = 16 + -17. Let y(w) = -5*w**3 + w**2 - 1. Let r be y(c). Suppose -15 = 5*b, 0 = 3*i + 4*b + r + 1. What is the greatest common factor of 8 and i?
2
Suppose 28*k +